 composite number?
True
Is 715202351 composite?
True
Is 2431670297 a composite number?
True
Is 11794251737 a composite number?
False
Is 2706378503 prime?
False
Is 2363639921 a composite number?
True
Is 40871725649 composite?
False
Is 3525497203 composite?
True
Is 1616473883 composite?
True
Is 1404927943 a composite number?
False
Is 1179761867 a prime number?
True
Is 18202946479 a composite number?
False
Is 5307591847 prime?
True
Is 52807027171 composite?
False
Is 1690631429 a composite number?
True
Is 12509314501 composite?
True
Is 253523966 a composite number?
True
Is 1843721897 prime?
False
Is 4087193893 a prime number?
False
Is 2143156621 a composite number?
False
Is 36407546947 composite?
False
Is 25660240363 composite?
False
Is 32323035137 composite?
False
Is 30969711427 a composite number?
True
Is 6021351851 a prime number?
True
Is 145163897 prime?
False
Is 1382719619 a prime number?
True
Is 155495595023 a prime number?
True
Is 24946720217 composite?
True
Is 8253270893 prime?
False
Is 3632102693 prime?
False
Is 12455355833 prime?
False
Is 9933595837 a prime number?
False
Is 17535021479 prime?
True
Is 4433640893 prime?
False
Is 11263864055 composite?
True
Is 470005259 prime?
False
Is 22018106413 prime?
True
Is 12991196399 a prime number?
True
Is 5787088261 a prime number?
True
Is 3803691981 composite?
True
Is 1739097979 a prime number?
False
Is 212973177091 composite?
False
Is 363577397 a prime number?
True
Is 1376234599 a prime number?
True
Is 695102789 a composite number?
True
Is 3669986153 a composite number?
False
Is 42229486747 a composite number?
True
Is 82638207383 a prime number?
False
Is 60935944247 a composite number?
False
Is 131153907739 prime?
True
Is 14296609333 a composite number?
False
Is 55715455837 composite?
True
Is 29868830951 composite?
False
Is 118565341 a prime number?
True
Is 19903112587 a prime number?
True
Is 111646816987 composite?
False
Is 1848558787 composite?
True
Is 505773083 prime?
True
Is 803810573 prime?
False
Is 15461129 a composite number?
True
Is 56558749099 a composite number?
False
Is 2243340271 composite?
False
Is 1785960629 composite?
False
Is 12854344183 a composite number?
True
Is 1490464399 a composite number?
True
Is 25392348577 a prime number?
False
Is 3665679887 a composite number?
False
Is 8914131047 a prime number?
True
Is 17444171 a composite number?
False
Is 3024548797 prime?
True
Is 400813871 a prime number?
True
Is 112983740557 a composite number?
False
Is 46522837987 prime?
False
Is 41549629253 a composite number?
True
Is 33806894981 composite?
False
Is 415510171 a composite number?
False
Is 4342692659 a prime number?
True
Is 1491009557 a prime number?
True
Is 2331405941 prime?
True
Is 13395890143 a prime number?
False
Is 8753032037 composite?
True
Is 4431269341 a prime number?
False
Is 256683649 a composite number?
True
Is 4434763199 a composite number?
True
Is 8101220537 composite?
True
Is 269997461 composite?
True
Is 14500045279 a prime number?
False
Is 11411691413 prime?
False
Is 175094627 prime?
True
Is 1526724229 a composite number?
True
Is 813060569 a composite number?
False
Is 8876166583 a prime number?
False
Is 237382068331 a prime number?
False
Is 3543565627 composite?
True
Is 69294566429 prime?
False
Is 204877586681 prime?
True
Is 168215413 a prime number?
False
Is 1266406171 a prime number?
True
Is 31234324991 prime?
False
Is 331412299 prime?
False
Is 8531180887 a composite number?
False
Is 2043568619 a composite number?
False
Is 70015723 composite?
False
Is 1188782237 prime?
True
Is 7000744291 a prime number?
False
Is 11447874881 prime?
False
Is 282253199 prime?
True
Is 3417968837 a composite number?
True
Is 120781289345 prime?
False
Is 574183937 composite?
True
Is 10551062621 prime?
False
Is 65437350683 a prime number?
True
Is 73839521123 prime?
False
Is 50313277631 a prime number?
True
Is 21235730137 a composite number?
False
Is 42410391167 a composite number?
False
Is 2817254719 a prime number?
True
Is 43494695851 composite?
False
Is 7132854151 prime?
True
Is 2094559234 prime?
False
Is 1177214003 a prime number?
False
Is 55144583713 a prime number?
True
Is 30461222651 prime?
True
Is 2964475411 a composite number?
False
Is 190683769 a prime number?
False
Is 10279369109 prime?
False
Is 3352810337 a composite number?
False
Is 444617029 prime?
True
Is 27529638749 a composite number?
False
Is 4618840495 composite?
True
Is 22699757293 prime?
True
Is 599315549 composite?
True
Is 21979912831 a composite number?
False
Is 837887867 a prime number?
True
Is 780326683 a composite number?
True
Is 28149187141 composite?
True
Is 2228089043 a composite number?
False
Is 149005127199 composite?
True
Is 23392848419 composite?
True
Is 1050942169 composite?
False
Is 14163253649 composite?
True
Is 74299460473 a prime number?
False
Is 49654258567 a composite number?
False
Is 109523497591 a composite number?
False
Is 456055471 a composite number?
False
Is 497453857 composite?
False
Is 133708259821 composite?
True
Is 14292181 a prime number?
False
Is 58216455683 composite?
False
Is 14870631361 a composite number?
False
Is 11782676731 a prime number?
False
Is 1449459881 a prime number?
True
Is 4915980301 prime?
False
Is 2553566593 composite?
True
Is 604289249 a prime number?
False
Is 28869238621 a composite number?
False
Is 402653837 a composite number?
False
Is 552962461 prime?
True
Is 2033940199 composite?
False
Is 1895382173 a composite number?
True
Is 790796821 prime?
True
Is 5384444201 prime?
True
Is 10565550659 composite?
False
Is 4527385067 composite?
True
Is 6474799381 prime?
True
Is 162718009 a composite number?
True
Is 484470257 prime?
True
Is 993821083 a composite number?
False
Is 3528760699 a prime number?
False
Is 8751641603 a prime number?
False
Is 1351331389 a prime number?
True
Is 9758277403 a composite number?
True
Is 9575667041 a prime number?
False
Is 13501959389 a prime number?
True
Is 3116071997 prime?
True
Is 5767884699 prime?
False
Is 16421737999 composite?
True
Is 24774697 a composite number?
False
Is 692167211 composite?
False
Is 1938888121 composite?
False
Is 14809662583 prime?
True
Is 37599118517 a prime number?
False
Is 22142234863 a composite number?
True
Is 12569796527 prime?
False
Is 14524359007 a composite number?
True
Is 4574266633 a prime number?
False
Is 1019494657 composite?
True
Is 4825666399 prime?
True
Is 638891287 a composite number?
False
Is 9944631551 prime?
True
Is 476541047 prime?
True
Is 9874711727 prime?
True
Is 294467213 composite?
True
Is 499024901 composite?
True
Is 14920982651 composite?
True
Is 10727929753 composite?
False
Is 10381003 a prime number?
True
Is 1076516543 a composite number?
True
Is 34873015589 a composite number?
False
Is 790624951 prime?
False
Is 8077931 prime?
False
Is 878962187 prime?
False
Is 2068417419 a prime number?
False
Is 290802443 a composite number?
True
Is 24247323467 prime?
True
Is 41569342483 composite?
True
Is 15520759115 a prime number?
False
Is 4387183417 prime?
True
Is 26463295147 prime?
True
Is 690205367 prime?
False
Is 92245691345 a composite number?
True
Is 17344765291 prime?
False
Is 67787800531 a composite number?
True
Is 11223044827 composite?
True
Is 77772117653 composite?
False
Is 2217567551 prime?
True
Is 2972478461 composite?
False
Is 1345439431 prime?
False
Is 492297061 a prime number?
True
Is 160712969 composite?
True
Is 6840256751 composite?
False
Is 2600043083 a prime number?
False
Is 12248495573 composite?
False
Is 18602407343 a prime number?
False
Is 47885197 composite?
False
Is 571110161 composite?
True
Is 428109439 a composite number?
False
Is 228505489 a composite number?
False
Is 8394845699 composite?
False
Is 3287252711 composite?
False
Is 43065552149 prime?
False
Is 1720297961 composite?
False
Is 1371343637 prime?
True
Is 1794619873 composite?
True
Is 57611062829 a composite number?
True
Is 55836883019 a composite number?
False
Is 8611091303 a composite number?
True
Is 31436020349 prime?
True
Is 79301609 prime?
False
Is 72409219063 prime?
False
Is 5595147589 a composite number?
True
Is 178541501 composite?
True
Is 1370750263 prime?
False
Is 215802789809 a prime number?
False
Is 30481416937 composite?
False
Is 71735233607 a prime number?
False
Is 4910146427 a composite number?
True
Is 12